 multiple of 86?
False
Does 14 divide 4970?
True
Is 1256 a multiple of 2?
True
Is 1024 a multiple of 12?
False
Is 5 a factor of 757?
False
Is 11376 a multiple of 6?
True
Is 10 a factor of 40?
True
Is 24 a factor of 12816?
True
Does 24 divide 22392?
True
Is 126 a multiple of 14?
True
Does 20 divide 3060?
True
Is 77 a factor of 1078?
True
Is 10 a factor of 59?
False
Does 15 divide 255?
True
Is 16 a factor of 48?
True
Does 17 divide 101?
False
Does 114 divide 6502?
False
Is 12 a factor of 2576?
False
Is 5 a factor of 143?
False
Is 43680 a multiple of 130?
True
Does 46 divide 24104?
True
Is 4 a factor of 10593?
False
Does 71 divide 5254?
True
Does 13 divide 10595?
True
Is 2303 a multiple of 47?
True
Is 20 a factor of 240?
True
Is 11987 a multiple of 11?
False
Does 5 divide 1100?
True
Is 130 a factor of 20540?
True
Does 12 divide 3571?
False
Does 22 divide 305?
False
Is 21 a factor of 2555?
False
Is 16 a factor of 880?
True
Is 25 a factor of 2875?
True
Is 7 a factor of 1248?
False
Does 76 divide 790?
False
Is 2970 a multiple of 45?
True
Does 11 divide 55?
True
Is 2241 a multiple of 27?
True
Is 6 a factor of 912?
True
Is 7 a factor of 588?
True
Is 19 a factor of 1570?
False
Is 1653 a multiple of 19?
True
Is 148 a multiple of 53?
False
Does 8 divide 12751?
False
Is 1290 a multiple of 43?
True
Does 18 divide 5121?
False
Is 407 a multiple of 11?
True
Is 49 a factor of 4851?
True
Is 2 a factor of 10601?
False
Is 840 a multiple of 10?
True
Is 21 a factor of 17006?
False
Is 17 a factor of 15623?
True
Is 90 a factor of 2064?
False
Is 30 a factor of 11130?
True
Does 137 divide 9316?
True
Is 20 a factor of 2793?
False
Is 86128 a multiple of 56?
True
Is 104 a factor of 28184?
True
Does 5 divide 21389?
False
Is 13 a factor of 67704?
True
Is 55 a factor of 5940?
True
Is 13 a factor of 10036?
True
Is 13 a factor of 5384?
False
Is 43 a factor of 6794?
True
Does 35 divide 3080?
True
Does 3 divide 228?
True
Is 1337 a multiple of 6?
False
Is 33 a factor of 93819?
True
Is 638 a multiple of 36?
False
Does 45 divide 14625?
True
Is 8 a factor of 1068?
False
Is 13 a factor of 19448?
True
Is 19380 a multiple of 51?
True
Does 6 divide 1440?
True
Is 18053 a multiple of 13?
False
Does 102 divide 2244?
True
Is 48 a factor of 864?
True
Is 30 a factor of 24428?
False
Does 30 divide 591?
False
Is 30 a factor of 20237?
False
Is 234 a multiple of 18?
True
Is 11480 a multiple of 10?
True
Is 18 a factor of 103590?
True
Is 27 a factor of 46?
False
Is 48 a factor of 17040?
True
Is 1011 a multiple of 7?
False
Is 1638 a multiple of 7?
True
Does 13 divide 7267?
True
Is 702 even?
True
Does 34 divide 2142?
True
Does 73 divide 2899?
False
Is 15 a factor of 22075?
False
Is 182 a factor of 3319?
False
Does 191 divide 2789?
False
Is 154 a factor of 10209?
False
Is 78 a factor of 1228?
False
Is 50 a factor of 2850?
True
Does 4 divide 191?
False
Does 18 divide 12618?
True
Is 3234 a multiple of 13?
False
Is 9 a factor of 2319?
False
Does 6 divide 9246?
True
Is 16826 a multiple of 12?
False
Does 7 divide 58619?
False
Is 113 a multiple of 3?
False
Does 26 divide 567?
False
Does 10 divide 322?
False
Is 22 a multiple of 12?
False
Is 860 a multiple of 43?
True
Is 30 a factor of 9570?
True
Does 18 divide 71928?
True
Does 5 divide 236?
False
Is 329 a multiple of 5?
False
Is 13573 a multiple of 3?
False
Is 6408 a multiple of 18?
True
Does 4 divide 1119?
False
Does 60 divide 1320?
True
Is 6 a factor of 28794?
True
Is 27064 a multiple of 13?
False
Is 43020 a multiple of 45?
True
Is 500 a multiple of 25?
True
Is 14978 a multiple of 3?
False
Does 19 divide 1064?
True
Is 494 a multiple of 19?
True
Is 40 a factor of 4800?
True
Is 26 a factor of 4269?
False
Is 2772 a multiple of 22?
True
Is 18 a factor of 560?
False
Does 42 divide 3990?
True
Is 93 a multiple of 2?
False
Is 22 a factor of 374?
True
Is 5 a factor of 2290?
True
Is 40 a factor of 120?
True
Is 21 a factor of 4977?
True
Is 663 a multiple of 17?
True
Does 51 divide 9025?
False
Does 4 divide 12961?
False
Is 50 a factor of 20250?
True
Does 8 divide 46?
False
Does 9 divide 5445?
True
Does 17 divide 1643?
False
Is 2397 a multiple of 45?
False
Is 37 a factor of 658?
False
Is 6490 a multiple of 5?
True
Does 96 divide 5541?
False
Is 10671 a multiple of 10?
False
Does 46 divide 26680?
True
Does 181 divide 13877?
False
Is 126 a factor of 6164?
False
Is 99 a multiple of 4?
False
Is 2320 a multiple of 40?
True
Is 650 a multiple of 13?
True
Does 15 divide 15459?
False
Does 149 divide 30694?
True
Is 33 a multiple of 2?
False
Is 2 a factor of 182?
True
Is 13 a factor of 883?
False
Is 61 a factor of 18605?
True
Does 3 divide 930?
True
Is 210 a factor of 3987?
False
Is 10041 a multiple of 4?
False
Does 2 divide 53?
False
Does 6 divide 59162?
False
Does 4 divide 6?
False
Is 38 a factor of 4700?
False
Is 16769 a multiple of 42?
False
Is 27 a factor of 5913?
True
Does 8 divide 6281?
False
Does 2 divide 105?
False
Is 252 a multiple of 9?
True
Does 4 divide 208?
True
Is 12753 a multiple of 13?
True
Does 13 divide 1206?
False
Does 82 divide 1968?
True
Does 11 divide 675?
False
Is 7942 a multiple of 83?
False
Does 136 divide 16728?
True
Does 27 divide 11381?
False
Is 8 a factor of 368?
True
Is 483 a factor of 141930?
False
Is 8 a factor of 423?
False
Is 5 a factor of 4040?
True
Is 6100 a multiple of 50?
True
Does 4 divide 438?
False
Is 432 a multiple of 6?
True
Is 79 a factor of 1118?
False
Is 1158 a multiple of 14?
False
Is 11 a factor of 18634?
True
Is 58 a factor of 580?
True
Does 47 divide 4841?
True
Does 97 divide 2716?
True
Is 34 a factor of 16220?
False
Is 113 a multiple of 6?
False
Is 993 a multiple of 70?
False
Does 74 divide 33542?
False
Is 9 a factor of 1305?
True
Is 85 a factor of 4324?
False
Is 1870 a multiple of 85?
True
Is 8 a factor of 240?
True
Is 987 a multiple of 47?
True
Does 20 divide 2730?
False
Is 3245 a multiple of 28?
False
Does 16 divide 17?
False
Does 23 divide 3393?
False
Is 2178 a multiple of 9?
True
Is 3142 a multiple of 97?
False
Is 36 a factor of 1800?
True
Is 1819 a multiple of 15?
False
Is 165 a factor of 31515?
True
Is 41 a multiple of 6?
False
Is 1156 a multiple of 34?
True
Is 1103 a multiple of 45?
False
Is 118 a factor of 80448?
False
Is 791 a multiple of 33?
False
Does 131 divide 18639?
False
Is 67 a factor of 15209?
True
Is 2580 a multiple of 15?
True
Does 8 divide 664?
True
Is 14 a factor of 182?
True
Does 26 divide 832?
True
Is 820 a multiple of 20?
True
Is 108892 a multiple of 15?
False
Is 257 a factor of 86609?
True
Does 20 divide 72900?
True
Is 14000 a multiple of 103?
False
Is 6 a factor of 314?
False
Is 135 a factor of 3448?
False
Is 190 a factor of 9500?
True
Is 15161 a multiple of 25?
False
Does 21 divide 2502?
False
Is 95 a factor of 31255?
True
Is 17 a factor of 375?
False
Is 24 a factor of 7704?
True
Is 40 a factor of 880?
True
Is 174 a multiple of 29?
True
Is 1162 a multiple of 33?
False
Does 10 divide 372?
False
Is 9548 a multiple of 22?
True
Does 27 divide 1674?
True
Is 39434 a multiple of 27?
False
Is 957 a multiple of 3?
True
Is 67 a factor of 1054?
False
Does 10 divide 590?
True
Does 26 divide 28803?
False
Does 20 divide 18020?
True
Is 104 a factor of 798?
False
Is 1993 a multiple of 5?
False
Is 2175 a multiple of 2?
False
Is 7539 a multiple of 23?
False
Is 74814 a multiple of 36?
False
Is 13 a factor of 6149?
True
Is 6 a factor of 95?
False
Is 64 a factor of 576?
True
Is 38368 a multiple of 22?
True
Is 19799 a multiple of 58?
False
Does 125 divide 8375?
True
Is 40 a factor of 25435?
False
Is 1149 a multiple of 6?
False
Is 88805 a multiple of 215?
False
Is 17 a factor of 3277?
False
Is 2067 a multiple of 68?
False
Is 1332 a multiple of 54?
False
Does 7 divide 1911?
True
Is 5856 a multiple of 96?
True
Is 16 a factor of 87812?
False
Is 21115 a multiple of 205?
True
Does 10 divide 500?
True
Is 249 a factor of 3237?
True
Is 9 a factor of 1524?
False
Is 8 a factor of 10595?
False
Does 128 divide 490?
False
Is 92 a factor of 32358?
False
Is 20 a factor of 2338?
False
Is 51 a factor of 114?
False
Is 238 a multiple of 14?
True
Is 87 a factor of 1653?
True
Is 4416 a multiple of 12?
True
Does 14 divide 224?
True
Is 8 a factor of 12488?
True
Does 26 divide 368?
False
Is 2130 a multiple of 142?
True
Is 15 a multiple of 3?
T